he remainder when 8075 is divided by 6638?
1437
Calculate the remainder when 226376 is divided by 45126.
746
Calculate the remainder when 259711494 is divided by 271.
270
What is the remainder when 141914 is divided by 4729?
44
Calculate the remainder when 1530148 is divided by 17189.
327
Calculate the remainder when 129573 is divided by 25901.
68
Calculate the remainder when 178544779 is divided by 13.
10
What is the remainder when 487704 is divided by 28665?
399
What is the remainder when 2954276 is divided by 12?
8
Calculate the remainder when 953458 is divided by 4.
2
Calculate the remainder when 3810565 is divided by 8966.
15
What is the remainder when 58338 is divided by 662?
82
What is the remainder when 999190 is divided by 1747?
1653
Calculate the remainder when 151092 is divided by 434.
60
Calculate the remainder when 1331881 is divided by 1331880.
1
Calculate the remainder when 518917 is divided by 254.
249
What is the remainder when 3041359 is divided by 608271?
4
What is the remainder when 5762819 is divided by 210?
209
Calculate the remainder when 11196298 is divided by 622016.
10
What is the remainder when 41477394 is divided by 601?
581
Calculate the remainder when 122923699 is divided by 124.
19
What is the remainder when 12690 is divided by 1752?
426
Calculate the remainder when 23387 is divided by 11676.
35
What is the remainder when 725492 is divided by 241818?
38
What is the remainder when 949077 is divided by 7083?
7038
Calculate the remainder when 71733660 is divided by 981.
978
Calculate the remainder when 58387 is divided by 28913.
561
Calculate the remainder when 2783671 is divided by 25078.
13
What is the remainder when 591179 is divided by 2576?
1275
What is the remainder when 9260879 is divided by 8504?
23
What is the remainder when 22116 is divided by 917?
108
What is the remainder when 4213674 is divided by 601940?
94
What is the remainder when 1560985 is divided by 9635?
115
What is the remainder when 398114 is divided by 24843?
626
Calculate the remainder when 1900223 is divided by 100.
23
Calculate the remainder when 354694 is divided by 8575.
3119
What is the remainder when 886400 is divided by 381?
194
What is the remainder when 9130446 is divided by 5728?
14
What is the remainder when 148523 is divided by 5340?
4343
Calculate the remainder when 650121 is divided by 325044.
33
What is the remainder when 6262935 is divided by 500?
435
What is the remainder when 5519076 is divided by 45?
6
What is the remainder when 225105 is divided by 74765?
810
Calculate the remainder when 14292 is divided by 202.
152
What is the remainder when 121917384 is divided by 227?
224
Calculate the remainder when 5087332 is divided by 5.
2
What is the remainder when 1400716 is divided by 8288?
44
What is the remainder when 643039 is divided by 18912?
31
What is the remainder when 232765 is divided by 10067?
1224
What is the remainder when 1274061 is divided by 424666?
63
What is the remainder when 101355143 is divided by 9214103?
10
Calculate the remainder when 12405011 is divided by 6066.
41
What is the remainder when 5414613 is divided by 328?
317
Calculate the remainder when 28747331 is divided by 110143.
8
Calculate the remainder when 14912 is divided by 143.
40
What is the remainder when 39338893 is divided by 89002?
9
What is the remainder when 738528 is divided by 5637?
81
Calculate the remainder when 220207 is divided by 71484.
5755
What is the remainder when 161693 is divided by 53837?
182
Calculate the remainder when 584652957 is divided by 180.
177
What is the remainder when 756609 is divided by 378268?
73
What is the remainder when 99076 is divided by 32?
4
What is the remainder when 824144 is divided by 8958?
8
What is the remainder when 140107 is divided by 19906?
765
What is the remainder when 6272 is divided by 1058?
982
Calculate the remainder when 18074147 is divided by 1807414.
7
Calculate the remainder when 264013 is divided by 3617.
3589
What is the remainder when 369649685 is divided by 790?
785
What is the remainder when 6276128 is divided by 57?
29
What is the remainder when 7305416 is divided by 1565?
1561
What is the remainder when 37321 is divided by 2858?
167
What is the remainder when 107701765 is divided by 35900585?
10
What is the remainder when 2227406 is divided by 253?
247
Calculate the remainder when 5729 is divided by 5450.
279
Calculate the remainder when 211226 is divided by 23442.
248
What is the remainder when 46023637 is divided by 40?
37
Calculate the remainder when 17521 is divided by 14034.
3487
What is the remainder when 2864451 is divided by 954815?
6
What is the remainder when 220241 is divided by 3388?
21
Calculate the remainder when 3977007 is divided by 1988468.
71
What is the remainder when 9518237 is divided by 101?
98
Calculate the remainder when 175219 is divided by 84069.
7081
Calculate the remainder when 12056 is divided by 2154.
1286
What is the remainder when 16456525 is divided by 44?
41
Calculate the remainder when 2550282 is divided by 242.
86
Calculate the remainder when 14649273 is divided by 122077.
33
Calculate the remainder when 549025 is divided by 109799.
30
Calculate the remainder when 13060 is divided by 12559.
501
What is the remainder when 195690 is divided by 744?
18
What is the remainder when 605535 is divided by 201825?
60
Calculate the remainder when 241061 is divided by 241046.
15
Calculate the remainder when 11885976 is divided by 1980965.
186
Calculate the remainder when 7030419 is divided by 3677.
3672
What is the remainder when 51489237 is divided by 220?
217
What is the remainder when 62448 is divided by 2837?
34
What is the remainder when 338915 is divided by 1513?
3
What is the remainder when 3064261 is divided by 1532125?
11
What is the remainder when 323484 is divided by 2128?
28
Calculate the remainder when 1344686 is divided by 1444.
322
Calculate the remainder when 12195665 is divided by 1057.
1056
Calculate the remainder when 8540205 is divided by 319.
256
What is the remainder when 258896 is divided by 2698?
2586
Calculate the remainder when 245842 is divided by 33.
25
What is the remainder when 281238 is divided by 2750?
738
What is the remainder when 2117605326 is divided by 304?
302
What is the remainder when 159328676 is divided by 149?
145
Calculate the remainder when 212645 is divided by 394.
279
Calculate the remainder when 118724 is divided by 726.
386
Calculate the remainder when 188712311 is divided by 1244.
1243
What is the remainder when 289770271 is divided by 111?
109
Calculate the remainder when 73642 is divided by 179.
73
What is the remainder when 16493791 is divided by 105?
76
Calculate the remainder when 13342001 is divided by 454.
303
Calculate the remainder when 352215 is divided by 490.
395
Calculate the remainder when 42774779 is divided by 193.
189
What is the remainder when 16773 is divided by 2363?
232
What is the remainder when 10508890 is divided by 808375?
15
What is the remainder when 2715314 is divided by 4503?
5
Calculate the remainder when 11365670 is divided by 18.
2
Calculate the remainder when 92850 is divided by 74.
54
What is the remainder when 4212430 is divided by 26?
14
What is the remainder when 206658353 is divided by 649869?
11
Calculate the remainder when 273582 is divided by 29.
25
What is the remainder when 760817 is divided by 108679?
64
What is the remainder when 2318790 is divided by 1896?
1878
Calculate the remainder when 1642 is divided by 200.
42
What is the remainder when 26333769 is divided by 1101?
51
Calculate the remainder when 14668448 is divided by 10637.
25
Calculate the remainder when 26292001 is divided by 2800.
1
What is the remainder when 468009 is divided by 155878?
375
Calculate the remainder when 33154 is divided by 3643.
367
Calculate the remainder when 114697 is divided by 3838.
3395
What is the remainder when 503735 is divided by 3990?
995
Calculate the remainder when 69620 is divided by 15.
5
Calculate the remainder when 25334738 is divided by 2814968.
26
What is the remainder when 244811 is divided by 48908?
271
Calculate the remainder when 2097261 is divided by 156.
153
What is the remainder when 2318098 is divided by 46?
20
What is the remainder when 121996 is div